{"id":60,"date":"2023-05-22T13:56:50","date_gmt":"2023-05-22T13:56:50","guid":{"rendered":"https:\/\/agence-france.fr\/?page_id=60"},"modified":"2023-07-19T07:37:49","modified_gmt":"2023-07-19T07:37:49","slug":"contact","status":"publish","type":"page","link":"https:\/\/agence-france.fr\/index.php\/contact\/","title":{"rendered":"Contact"},"content":{"rendered":"\n<div class=\"wp-block-uagb-container uagb-block-8f8303c7 alignfull uagb-is-root-container\"><div class=\"uagb-container-inner-blocks-wrap\">\n<div class=\"wp-block-uagb-container uagb-block-162f0b15\">\n<div class=\"wp-block-contact-form-7-contact-form-selector\">\n<div class=\"wpcf7 no-js\" id=\"wpcf7-f1737-o1\" lang=\"fr-FR\" dir=\"ltr\">\n<div class=\"screen-reader-response\"><p role=\"status\" aria-live=\"polite\" aria-atomic=\"true\"><\/p> <ul><\/ul><\/div>\n<form action=\"\/index.php\/wp-json\/wp\/v2\/pages\/60#wpcf7-f1737-o1\" method=\"post\" class=\"wpcf7-form init cf7skins cf7s-default\" aria-label=\"Formulaire de contact\" novalidate=\"novalidate\" data-status=\"init\">\n<div style=\"display: none;\">\n<input type=\"hidden\" name=\"_wpcf7\" value=\"1737\" \/>\n<input type=\"hidden\" name=\"_wpcf7_version\" value=\"5.7.7\" \/>\n<input type=\"hidden\" name=\"_wpcf7_locale\" value=\"fr_FR\" \/>\n<input type=\"hidden\" name=\"_wpcf7_unit_tag\" value=\"wpcf7-f1737-o1\" \/>\n<input type=\"hidden\" name=\"_wpcf7_container_post\" value=\"0\" \/>\n<input type=\"hidden\" name=\"_wpcf7_posted_data_hash\" value=\"\" \/>\n<\/div>\n<fieldset>\n\n<label>Nom\n    <span class=\"wpcf7-form-control-wrap\" data-name=\"your-lastname\"><input size=\"40\" class=\"wpcf7-form-control wpcf7-text wpcf7-validates-as-required\" id=\"your-lastname\" aria-required=\"true\" aria-invalid=\"false\" value=\"\" type=\"text\" name=\"your-lastname\" \/><\/span>\n<\/label>\n\n<label>Pr\u00e9nom\n    <span class=\"wpcf7-form-control-wrap\" data-name=\"your-firstname\"><input size=\"40\" class=\"wpcf7-form-control wpcf7-text wpcf7-validates-as-required\" id=\"your-firstname\" aria-required=\"true\" aria-invalid=\"false\" value=\"\" type=\"text\" name=\"your-firstname\" \/><\/span>\n<\/label>\n\n<label>D\u00e9partement\n    <span class=\"wpcf7-form-control-wrap\" data-name=\"your-department\"><select class=\"wpcf7-form-control wpcf7-select\" id=\"your-department\" aria-invalid=\"false\" name=\"your-department\"><option value=\"\">&#8212;Veuillez choisir une option&#8212;<\/option><option value=\"01 - Ain\">01 - Ain<\/option><option value=\"02 - Aisne\">02 - Aisne<\/option><option value=\"03 - Allier\">03 - Allier<\/option><option value=\"04 - Alpes-de-Haute-Provence\">04 - Alpes-de-Haute-Provence<\/option><option value=\"05 - Hautes-Alpes\">05 - Hautes-Alpes<\/option><option value=\"06 - Alpes-Maritimes\">06 - Alpes-Maritimes<\/option><option value=\"07 - Ard\u00e8che\">07 - Ard\u00e8che<\/option><option value=\"08 - Ardennes\">08 - Ardennes<\/option><option value=\"09 - Ari\u00e8ge\">09 - Ari\u00e8ge<\/option><option value=\"10 - Aube\">10 - Aube<\/option><option value=\"11 - Aude\">11 - Aude<\/option><option value=\"12 - Aveyron\">12 - Aveyron<\/option><option value=\"13 - Bouches-du-Rh\u00f4ne\">13 - Bouches-du-Rh\u00f4ne<\/option><option value=\"14 - Calvados\">14 - Calvados<\/option><option value=\"15 - Cantal\">15 - Cantal<\/option><option value=\"16 - Charente\">16 - Charente<\/option><option value=\"17 - Charente-Maritime\">17 - Charente-Maritime<\/option><option value=\"18 - Cher\">18 - Cher<\/option><option value=\"19 - Corr\u00e8ze\">19 - Corr\u00e8ze<\/option><option value=\"2A - Corse-du-Sud\">2A - Corse-du-Sud<\/option><option value=\"2B - Haute-Corse\">2B - Haute-Corse<\/option><option value=\"21 - C\u00f4te-d&#039;Or\">21 - C\u00f4te-d&#039;Or<\/option><option value=\"22 - C\u00f4tes-d&#039;Armor\">22 - C\u00f4tes-d&#039;Armor<\/option><option value=\"23 - Creuse\">23 - Creuse<\/option><option value=\"24 - Dordogne\">24 - Dordogne<\/option><option value=\"25 - Doubs\">25 - Doubs<\/option><option value=\"26 - Dr\u00f4me\">26 - Dr\u00f4me<\/option><option value=\"27 - Eure\">27 - Eure<\/option><option value=\"28 - Eure-et-Loir\">28 - Eure-et-Loir<\/option><option value=\"29 - Finist\u00e8re\">29 - Finist\u00e8re<\/option><option value=\"30 - Gard\">30 - Gard<\/option><option value=\"31 - Haute-Garonne\">31 - Haute-Garonne<\/option><option value=\"32 - Gers\">32 - Gers<\/option><option value=\"33 - Gironde\">33 - Gironde<\/option><option value=\"34 - H\u00e9rault\">34 - H\u00e9rault<\/option><option value=\"35 - Ille-et-Vilaine\">35 - Ille-et-Vilaine<\/option><option value=\"36 - Indre\">36 - Indre<\/option><option value=\"37 - Indre-et-Loire\">37 - Indre-et-Loire<\/option><option value=\"38 - Is\u00e8re\">38 - Is\u00e8re<\/option><option value=\"39 - Jura\">39 - Jura<\/option><option value=\"40 - Landes\">40 - Landes<\/option><option value=\"41 - Loir-et-Cher\">41 - Loir-et-Cher<\/option><option value=\"42 - Loire\">42 - Loire<\/option><option value=\"43 - Haute-Loire\">43 - Haute-Loire<\/option><option value=\"44 - Loire-Atlantique\">44 - Loire-Atlantique<\/option><option value=\"45 - Loiret\">45 - Loiret<\/option><option value=\"46 - Lot\">46 - Lot<\/option><option value=\"47 - Lot-et-Garonne\">47 - Lot-et-Garonne<\/option><option value=\"48 - Loz\u00e8re\">48 - Loz\u00e8re<\/option><option value=\"49 - Maine-et-Loire\">49 - Maine-et-Loire<\/option><option value=\"50 - Manche\">50 - Manche<\/option><option value=\"51 - Marne\">51 - Marne<\/option><option value=\"52 - Haute-Marne\">52 - Haute-Marne<\/option><option value=\"53 - Mayenne\">53 - Mayenne<\/option><option value=\"54 - Meurthe-et-Moselle\">54 - Meurthe-et-Moselle<\/option><option value=\"55 - Meuse\">55 - Meuse<\/option><option value=\"56 - Morbihan\">56 - Morbihan<\/option><option value=\"57 - Moselle\">57 - Moselle<\/option><option value=\"58 - Ni\u00e8vre\">58 - Ni\u00e8vre<\/option><option value=\"59 - Nord\">59 - Nord<\/option><option value=\"60 - Oise\">60 - Oise<\/option><option value=\"61 - Orne\">61 - Orne<\/option><option value=\"62 - Pas-de-Calais\">62 - Pas-de-Calais<\/option><option value=\"63 - Puy-de-D\u00f4me\">63 - Puy-de-D\u00f4me<\/option><option value=\"64 - Pyr\u00e9n\u00e9es-Atlantiques\">64 - Pyr\u00e9n\u00e9es-Atlantiques<\/option><option value=\"65 - Hautes-Pyr\u00e9n\u00e9es\">65 - Hautes-Pyr\u00e9n\u00e9es<\/option><option value=\"66 - Pyr\u00e9n\u00e9es-Orientales\">66 - Pyr\u00e9n\u00e9es-Orientales<\/option><option value=\"67 - Bas-Rhin\">67 - Bas-Rhin<\/option><option value=\"68 - Haut-Rhin\">68 - Haut-Rhin<\/option><option value=\"69 - Rh\u00f4ne\">69 - Rh\u00f4ne<\/option><option value=\"70 - Haute-Sa\u00f4ne\">70 - Haute-Sa\u00f4ne<\/option><option value=\"71 - Sa\u00f4ne-et-Loire\">71 - Sa\u00f4ne-et-Loire<\/option><option value=\"72 - Sarthe\">72 - Sarthe<\/option><option value=\"73 - Savoie\">73 - Savoie<\/option><option value=\"74 - Haute-Savoie\">74 - Haute-Savoie<\/option><option value=\"75 - Paris\">75 - Paris<\/option><option value=\"76 - Seine-Maritime\">76 - Seine-Maritime<\/option><option value=\"77 - Seine-et-Marne\">77 - Seine-et-Marne<\/option><option value=\"78 - Yvelines\">78 - Yvelines<\/option><option value=\"79 - Deux-S\u00e8vres\">79 - Deux-S\u00e8vres<\/option><option value=\"80 - Somme\">80 - Somme<\/option><option value=\"81 - Tarn\">81 - Tarn<\/option><option value=\"82 - Tarn-et-Garonne\">82 - Tarn-et-Garonne<\/option><option value=\"83 - Var\">83 - Var<\/option><option value=\"84 - Vaucluse\">84 - Vaucluse<\/option><option value=\"85 - Vend\u00e9e\">85 - Vend\u00e9e<\/option><option value=\"86 - Vienne\">86 - Vienne<\/option><option value=\"87 - Haute-Vienne\">87 - Haute-Vienne<\/option><option value=\"88 - Vosges\">88 - Vosges<\/option><option value=\"89 - Yonne\">89 - Yonne<\/option><option value=\"90 - Territoire de Belfort\">90 - Territoire de Belfort<\/option><option value=\"91 - Essonne\">91 - Essonne<\/option><option value=\"92 - Hauts-de-Seine\">92 - Hauts-de-Seine<\/option><option value=\"93 - Seine-Saint-Denis\">93 - Seine-Saint-Denis<\/option><option value=\"94 - Val-de-Marne\">94 - Val-de-Marne<\/option><option value=\"95 - Val-d&#039;Oise\">95 - Val-d&#039;Oise<\/option><option value=\"971 - Guadeloupe\">971 - Guadeloupe<\/option><option value=\"972 - Martinique\">972 - Martinique<\/option><option value=\"973 - Guyane\">973 - Guyane<\/option><option value=\"974 - La R\u00e9union\">974 - La R\u00e9union<\/option><option value=\"975 - Saint-Pierre-et-Miquelon\">975 - Saint-Pierre-et-Miquelon<\/option><option value=\"976 - Mayotte\">976 - Mayotte<\/option><option value=\"977 - Saint-Barth\u00e9lemy\">977 - Saint-Barth\u00e9lemy<\/option><option value=\"978 - Saint-Martin\">978 - Saint-Martin<\/option><option value=\"984 - Terres australes et antarctiques fran\u00e7aises\">984 - Terres australes et antarctiques fran\u00e7aises<\/option><option value=\"986 - Wallis-et-Futuna\">986 - Wallis-et-Futuna<\/option><option value=\"987 - Polyn\u00e9sie fran\u00e7aise\">987 - Polyn\u00e9sie fran\u00e7aise<\/option><option value=\"988 - Nouvelle-Cal\u00e9donie\">988 - Nouvelle-Cal\u00e9donie<\/option><option value=\"989 - \u00cele de Clipperton\">989 - \u00cele de Clipperton<\/option><\/select><\/span>\n<\/label>\n\n<label>Num\u00e9ro de t\u00e9l\u00e9phone (avec indicatif pays)\n    <span class=\"wpcf7-form-control-wrap\" data-name=\"your-country\"><select class=\"wpcf7-form-control wpcf7-select\" id=\"your-country\" aria-invalid=\"false\" name=\"your-country\"><option value=\"\">&#8212;Veuillez choisir une option&#8212;<\/option><option value=\"+33 France\">+33 France<\/option><option value=\"+49 Allemagne\">+49 Allemagne<\/option><option value=\"+41 Suisse\">+41 Suisse<\/option><option value=\"+39 Italie\">+39 Italie<\/option><option value=\"+32 Belgique\">+32 Belgique<\/option><option value=\"+44 Royaume-Uni\">+44 Royaume-Uni<\/option><option value=\"+352 Luxembourg\">+352 Luxembourg<\/option><option value=\"+34 Espagne\">+34 Espagne<\/option><option value=\"+351 Portugal\">+351 Portugal<\/option><option value=\"+590 Guadeloupe\">+590 Guadeloupe<\/option><option value=\"+594 Guyane\">+594 Guyane<\/option><option value=\"+596 Martinique\">+596 Martinique<\/option><option value=\"+262 La R\u00e9union\">+262 La R\u00e9union<\/option><option value=\"+508 Saint-Pierre-et-Miquelon\">+508 Saint-Pierre-et-Miquelon<\/option><option value=\"+689 Polyn\u00e9sie fran\u00e7aise\">+689 Polyn\u00e9sie fran\u00e7aise<\/option><option value=\"+687 Nouvelle-Cal\u00e9donie\">+687 Nouvelle-Cal\u00e9donie<\/option><option value=\"+33 Saint-Martin\">+33 Saint-Martin<\/option><option value=\"+33 Saint-Barth\u00e9lemy\">+33 Saint-Barth\u00e9lemy<\/option><option value=\"+262 Mayotte\">+262 Mayotte<\/option><option value=\"+33 Wallis-et-Futuna\">+33 Wallis-et-Futuna<\/option><option value=\"+33 Polyn\u00e9sie fran\u00e7aise\">+33 Polyn\u00e9sie fran\u00e7aise<\/option><option value=\"+33 Nouvelle-Cal\u00e9donie\">+33 Nouvelle-Cal\u00e9donie<\/option><option value=\"other Autre, indiquer\">other Autre, indiquer<\/option><\/select><\/span>\n<\/label>\n\n<label>Num\u00e9ro de t\u00e9l\u00e9phone\n    <span class=\"wpcf7-form-control-wrap\" data-name=\"your-phone\"><input size=\"40\" class=\"wpcf7-form-control wpcf7-text wpcf7-tel wpcf7-validates-as-required wpcf7-validates-as-tel\" id=\"your-phone\" aria-required=\"true\" aria-invalid=\"false\" value=\"\" type=\"tel\" name=\"your-phone\" \/><\/span>\n<\/label>\n\n<label>Adresse e-mail\n    <span class=\"wpcf7-form-control-wrap\" data-name=\"your-email\"><input size=\"40\" class=\"wpcf7-form-control wpcf7-text wpcf7-email wpcf7-validates-as-required wpcf7-validates-as-email\" id=\"your-email\" aria-required=\"true\" aria-invalid=\"false\" value=\"\" type=\"email\" name=\"your-email\" \/><\/span>\n<\/label>\n\n<label>Activit\u00e9\n    <span class=\"wpcf7-form-control-wrap\" data-name=\"your-activity\"><span class=\"wpcf7-form-control wpcf7-radio\" id=\"your-activity\"><span class=\"wpcf7-list-item first\"><input type=\"radio\" name=\"your-activity\" value=\"prescription\" \/><span class=\"wpcf7-list-item-label\">prescription<\/span><\/span><span class=\"wpcf7-list-item\"><input type=\"radio\" name=\"your-activity\" value=\"n\u00e9goce\" \/><span class=\"wpcf7-list-item-label\">n\u00e9goce<\/span><\/span><span class=\"wpcf7-list-item\"><input type=\"radio\" name=\"your-activity\" value=\"particulier\" \/><span class=\"wpcf7-list-item-label\">particulier<\/span><\/span><span class=\"wpcf7-list-item last\"><input type=\"radio\" name=\"your-activity\" value=\"Autre, \u00e0 pr\u00e9ciser\" \/><span class=\"wpcf7-list-item-label\">Autre, \u00e0 pr\u00e9ciser<\/span><\/span><\/span><\/span>\n<\/label>\n\n<label>Autre \u00e0 pr\u00e9ciser (maximum 140 caract\u00e8res)\n    <span class=\"wpcf7-form-control-wrap\" data-name=\"other\"><input size=\"40\" maxlength=\"140\" class=\"wpcf7-form-control wpcf7-text\" id=\"other\" aria-invalid=\"false\" value=\"\" type=\"text\" name=\"other\" \/><\/span>\n<\/label>\n\n<label>Motif (maximum 140 caract\u00e8res)\n    <span class=\"wpcf7-form-control-wrap\" data-name=\"your-reason\"><input size=\"40\" maxlength=\"140\" class=\"wpcf7-form-control wpcf7-text\" id=\"your-reason\" aria-invalid=\"false\" value=\"\" type=\"text\" name=\"your-reason\" \/><\/span>\n<\/label>\n\n<label>Objet (maximum 1000 caract\u00e8res)\n    <span class=\"wpcf7-form-control-wrap\" data-name=\"your-object\"><textarea cols=\"40\" rows=\"10\" maxlength=\"1000\" class=\"wpcf7-form-control wpcf7-textarea\" id=\"your-object\" aria-invalid=\"false\" name=\"your-object\"><\/textarea><\/span>\n<\/label>\n\n\n<span class=\"wpcf7-form-control-wrap kc_captcha\" data-name=\"kc_captcha\"><span class=\"wpcf7-form-control wpcf7-radio\"> \n    <span class=\"captcha-image\" >\n        <span class=\"cf7ic_instructions\">Veuillez prouver que vous \u00eates humain en s\u00e9lectionnant <span> Voiture<\/span>.<\/span><label><input type=\"radio\" name=\"kc_captcha\" value=\"bot\" \/><svg width=\"50\" height=\"50\" aria-hidden=\"true\" role=\"img\" xmlns=\"http:\/\/www.w3.org\/2000\/svg\" viewBox=\"0 0 576 512\"><path fill=\"currentColor\" d=\"M488 313v143c0 13-11 24-24 24H348c-7 0-12-5-12-12V356c0-7-5-12-12-12h-72c-7 0-12 5-12 12v112c0 7-5 12-12 12H112c-13 0-24-11-24-24V313c0-4 2-7 4-10l188-154c5-4 11-4 16 0l188 154c2 3 4 6 4 10zm84-61l-84-69V44c0-6-5-12-12-12h-56c-7 0-12 6-12 12v73l-89-74a48 48 0 00-61 0L4 252c-5 4-5 12-1 17l25 31c5 5 12 5 17 1l235-193c5-4 11-4 16 0l235 193c5 5 13 4 17-1l25-31c4-6 4-13-1-17z\"\/><\/svg><\/label><label><input type=\"radio\" name=\"kc_captcha\" value=\"kc_human\" \/><svg width=\"50\" height=\"50\" aria-hidden=\"true\" role=\"img\" xmlns=\"http:\/\/www.w3.org\/2000\/svg\" viewBox=\"0 0 512 512\"><path fill=\"currentColor\" d=\"M500 168h-55l-8-21a127 127 0 00-120-83H195a127 127 0 00-120 83l-8 21H12c-8 0-14 8-11 16l8 24a12 12 0 0011 8h29a64 64 0 00-33 56v48c0 16 6 31 16 42v62c0 13 11 24 24 24h48c13 0 24-11 24-24v-40h256v40c0 13 11 24 24 24h48c13 0 24-11 24-24v-62c10-11 16-26 16-42v-48c0-24-13-45-33-56h29a12 12 0 0011-8l8-24c3-8-3-16-11-16zm-365 2c9-25 33-42 60-42h122c27 0 51 17 60 42l15 38H120l15-38zM88 328a32 32 0 010-64c18 0 48 30 48 48s-30 16-48 16zm336 0c-18 0-48 2-48-16s30-48 48-48 32 14 32 32-14 32-32 32z\"\/><\/svg><\/label><label><input type=\"radio\" name=\"kc_captcha\" value=\"bot\" \/><svg width=\"50\" height=\"50\" aria-hidden=\"true\" role=\"img\" xmlns=\"http:\/\/www.w3.org\/2000\/svg\" viewBox=\"0 0 384 512\"><path fill=\"currentColor\" d=\"M377 375l-83-87h34c21 0 32-25 17-40l-82-88h33c21 0 32-25 18-40L210 8c-10-11-26-11-36 0L70 120c-14 15-3 40 18 40h33l-82 88c-15 15-4 40 17 40h34L7 375c-15 16-4 41 17 41h120c0 33-11 49-34 68-12 9-5 28 10 28h144c15 0 22-19 10-28-20-16-34-32-34-68h120c21 0 32-25 17-41z\"\/><\/svg><\/label>\n    <\/span>\n    <span style=\"display:none\">\n        <input type=\"text\" name=\"kc_honeypot\">\n    <\/span><\/span><\/span>\n\n\t<\/ol>\n\t<input class=\"wpcf7-form-control has-spinner wpcf7-submit\" type=\"submit\" value=\"Envoyer\" \/>\n<\/fieldset><div class=\"wpcf7-response-output\" aria-hidden=\"true\"><\/div>\n<\/form>\n<\/div>\n<\/div>\n<\/div>\n\n\n\n<div class=\"wp-block-uagb-container uagb-block-b683bcbb\">\n<figure class=\"wp-block-image size-large\"><img decoding=\"async\" loading=\"lazy\" width=\"724\" height=\"1024\" src=\"https:\/\/agence-france.fr\/wp-content\/uploads\/2023\/07\/Malika-Favre-724x1024.png\" alt=\"\" class=\"wp-image-1790\" srcset=\"https:\/\/agence-france.fr\/wp-content\/uploads\/2023\/07\/Malika-Favre-724x1024.png 724w, https:\/\/agence-france.fr\/wp-content\/uploads\/2023\/07\/Malika-Favre-212x300.png 212w, https:\/\/agence-france.fr\/wp-content\/uploads\/2023\/07\/Malika-Favre-768x1086.png 768w, https:\/\/agence-france.fr\/wp-content\/uploads\/2023\/07\/Malika-Favre-1086x1536.png 1086w, https:\/\/agence-france.fr\/wp-content\/uploads\/2023\/07\/Malika-Favre.png 1414w\" sizes=\"(max-width: 724px) 100vw, 724px\" \/><figcaption class=\"wp-element-caption\"><em>Images cr\u00e9\u00e9es \u00e0 partir du logicel DALL-E 2*<\/em><\/figcaption><\/figure>\n<\/div>\n<\/div><\/div>\n","protected":false},"excerpt":{"rendered":"","protected":false},"author":1,"featured_media":0,"parent":0,"menu_order":0,"comment_status":"closed","ping_status":"closed","template":"","meta":{"om_disable_all_campaigns":false,"_uag_custom_page_level_css":"","_monsterinsights_skip_tracking":false,"_monsterinsights_sitenote_active":false,"_monsterinsights_sitenote_note":"","_monsterinsights_sitenote_category":0},"aioseo_notices":[],"uagb_featured_image_src":{"full":false,"thumbnail":false,"medium":false,"medium_large":false,"large":false,"1536x1536":false,"2048x2048":false},"uagb_author_info":{"display_name":"pbc","author_link":"https:\/\/agence-france.fr\/index.php\/author\/p-boissonnade\/"},"uagb_comment_info":0,"uagb_excerpt":null,"_links":{"self":[{"href":"https:\/\/agence-france.fr\/index.php\/wp-json\/wp\/v2\/pages\/60"}],"collection":[{"href":"https:\/\/agence-france.fr\/index.php\/wp-json\/wp\/v2\/pages"}],"about":[{"href":"https:\/\/agence-france.fr\/index.php\/wp-json\/wp\/v2\/types\/page"}],"author":[{"embeddable":true,"href":"https:\/\/agence-france.fr\/index.php\/wp-json\/wp\/v2\/users\/1"}],"replies":[{"embeddable":true,"href":"https:\/\/agence-france.fr\/index.php\/wp-json\/wp\/v2\/comments?post=60"}],"version-history":[{"count":7,"href":"https:\/\/agence-france.fr\/index.php\/wp-json\/wp\/v2\/pages\/60\/revisions"}],"predecessor-version":[{"id":2115,"href":"https:\/\/agence-france.fr\/index.php\/wp-json\/wp\/v2\/pages\/60\/revisions\/2115"}],"wp:attachment":[{"href":"https:\/\/agence-france.fr\/index.php\/wp-json\/wp\/v2\/media?parent=60"}],"curies":[{"name":"wp","href":"https:\/\/api.w.org\/{rel}","templated":true}]}}