{"id":384,"date":"2023-05-25T14:40:16","date_gmt":"2023-05-25T14:40:16","guid":{"rendered":"https:\/\/agence-france.fr\/?page_id=384"},"modified":"2023-08-10T09:49:48","modified_gmt":"2023-08-10T09:49:48","slug":"nos-marques-sanela","status":"publish","type":"page","link":"https:\/\/agence-france.fr\/index.php\/nos-marques-sanela\/","title":{"rendered":"Nos marques &#8211; Sanela"},"content":{"rendered":"\n<div class=\"wp-block-uagb-container uagb-block-76df4cba alignfull uagb-is-root-container\"><div class=\"uagb-container-inner-blocks-wrap\">\n<div class=\"wp-block-uagb-container uagb-block-87379bbd\"><style>.kb-google-maps-container_4dda3c-84{height:450px;}<\/style><div class=\"kb-google-maps-container kb-google-maps-container_4dda3c-84  wp-block-kadence-googlemaps\" data-mapid=\"_4dda3c-84\"><iframe width=\"100%\" height=\"100%\"\n\t\t\t\t\t\t\tstyle=\"border:0\" loading=\"lazy\"\n\t\t\t\t\t\t\tsrc=\"https:\/\/www.google.com\/maps\/embed\/v1\/place?key=AIzaSyBAM2o7PiQqwk15LC1XRH2e_KJ-jUa7KYk&#038;zoom=5&#038;maptype=roadmap&#038;q=Dukel.+hrdin%C5%AF+989%2C+563+01+Lan%C5%A1kroun%2C+Tch%C3%A9quie\"\n\t\t\t\t\t\t\ttitle=\"Google map of Dukel. hrdin\u016f 989, 563 01 Lan\u0161kroun, Tch\u00e9quie\"><\/iframe><\/div><script>function kb_google_map_4dda3c_84() { let center = { lat: 37.8201, lng: -122.4781}; let map = new google.maps.Map(document.getElementById(\"kb-google-map_4dda3c-84\"), {\n\t\t\t\t\t    zoom: 5,\n\t\t\t\t\t    center: center,});let marker = new google.maps.Marker({   position: { lat: 37.8201, lng: -122.4781},    map: map,  });}<\/script><\/div>\n\n\n\n<div class=\"wp-block-uagb-container uagb-block-bad2b848\">\n<p>SANELA spol. s r.o.<\/p>\n\n\n\n<p>Dukel. hrdin\u016f 989, 563 01 Lan\u0161kroun, Tch\u00e9quie<\/p>\n\n\n\n<p><a href=\"https:\/\/www.sanela.eu\/\">http:\/\/www.sanela.cz\/<\/a><\/p>\n\n\n\n<p>+420 465 350  770<\/p>\n<\/div>\n\n\n\n<div class=\"wp-block-uagb-container uagb-block-a707a97c\">\n<div class=\"alignnormal\"><div id=\"metaslider-id-745\" style=\"width: 100%;\" class=\"ml-slider-3-30-1 metaslider metaslider-nivo metaslider-745 ml-slider\">\n    <div id=\"metaslider_container_745\">\n        <div class='slider-wrapper theme-default'><div class='ribbon'><\/div><div id='metaslider_745' class='nivoSlider'><img src=\"https:\/\/agence-france.fr\/wp-content\/uploads\/2023\/06\/Sanela-usine-3-1-532x530.jpg\" height=\"900\" width=\"905\" title=\"Sanela usine 3\" alt=\"\" class=\"slider-745 slide-756\" \/><img src=\"https:\/\/agence-france.fr\/wp-content\/uploads\/2023\/06\/0.8-670x667.jpg\" height=\"900\" width=\"905\" title=\"0.8\" alt=\"\" class=\"slider-745 slide-757\" \/><img src=\"https:\/\/agence-france.fr\/wp-content\/uploads\/2023\/06\/0.8-1-754x750.jpg\" height=\"900\" width=\"905\" title=\"0.8 (1)\" alt=\"\" class=\"slider-745 slide-758\" \/><img src=\"https:\/\/agence-france.fr\/wp-content\/uploads\/2023\/06\/company2-667x663.jpg\" height=\"900\" width=\"905\" title=\"company2\" alt=\"\" class=\"slider-745 slide-759\" \/><\/div><\/div>\n        \n    <\/div>\n<\/div><\/div>\n<\/div>\n<\/div><\/div>\n\n\n\n<div class=\"wp-block-uagb-container uagb-block-5736a585 alignfull uagb-is-root-container\"><div class=\"uagb-container-inner-blocks-wrap\">\n<div class=\"wp-block-uagb-container uagb-block-18944c09\">\n<p>Sanela est l&#8217;un des principaux producteurs de la gamme compl\u00e8te d&#8217;appareils \u00e9lectroniques sanitaires en R\u00e9publique tch\u00e8que. L&#8217;objectif principal de la soci\u00e9t\u00e9 Sanela est de satisfaire les clients les plus exigeants et de r\u00e9pondre \u00e0 leurs demandes d&#8217;installations sanitaires modernes et d&#8217;\u00e9quipement de ces zones. La marque Sanela est associ\u00e9e \u00e0 la nouvelle g\u00e9n\u00e9ration de produits \u00e9lectroniques sanitaires de haute qualit\u00e9. Gr\u00e2ce \u00e0 son propre d\u00e9partement de d\u00e9veloppement, Sanela est en mesure d&#8217;\u00e9largir sa gamme de produits et de r\u00e9agir rapidement aux demandes changeantes du march\u00e9 et des clients.<\/p>\n<\/div>\n\n\n\n<div class=\"wp-block-uagb-container uagb-block-fbcd6fb2\">\n<div class=\"wp-block-uagb-image uagb-block-dde3d293 wp-block-uagb-image--layout-default wp-block-uagb-image--effect-static wp-block-uagb-image--align-none\"><figure class=\"wp-block-uagb-image__figure\"><img decoding=\"async\" srcset=\"https:\/\/agence-france.fr\/wp-content\/uploads\/2023\/05\/Sanela-21.jpg \" sizes=\"(max-width: 480px) 150px\" src=\"https:\/\/agence-france.fr\/wp-content\/uploads\/2023\/05\/Sanela-21.jpg\" alt=\"\" class=\"uag-image-214\" width=\"500\" height=\"292\" title=\"\" loading=\"lazy\"\/><\/figure><\/div>\n<\/div>\n<\/div><\/div>\n\n\n\n<div class=\"wp-block-uagb-container uagb-block-4629c6c0 alignfull uagb-is-root-container\"><div class=\"uagb-container-inner-blocks-wrap\">\n<div class=\"wp-block-uagb-container uagb-block-9a767130\">\n<div class=\"wp-block-uagb-image uagb-block-70041b6d wp-block-uagb-image--layout-default wp-block-uagb-image--effect-static wp-block-uagb-image--align-none\"><figure class=\"wp-block-uagb-image__figure\"><img decoding=\"async\" srcset=\"https:\/\/agence-france.fr\/wp-content\/uploads\/2023\/05\/SANELA-KEG-LINE-1.jpg \" sizes=\"(max-width: 480px) 150px\" src=\"https:\/\/agence-france.fr\/wp-content\/uploads\/2023\/05\/SANELA-KEG-LINE-1.jpg\" alt=\"\" class=\"uag-image-227\" width=\"800\" height=\"561\" title=\"\" loading=\"lazy\"\/><\/figure><\/div>\n<\/div>\n\n\n\n<div class=\"wp-block-uagb-container uagb-block-005ca877\">\n<p>Le fabricant tch\u00e8que offre actuellement un large portefeuille de produits qui est pleinement utilis\u00e9 dans les secteurs public et priv\u00e9. Fournissant une gamme compl\u00e8te d&#8217;\u00e9quipements sanitaires (chasse d&#8217;eau automatique pour urinoirs et toilettes, robinets automatiques pour lavabos et commandes de douche, lavabos et \u00e9viers en acier inoxydable, urinoirs, bacs \u00e0 urinoirs et toilettes en acier inoxydable, bacs \u00e0 laver en acier inoxydable, accessoires en acier inoxydable, machines \u00e0 pi\u00e8ces de monnaie, \u00e0 jetons et RFID, produits fabriqu\u00e9s selon les demandes des clients).<\/p>\n<\/div>\n<\/div><\/div>\n\n\n\n<p><\/p>\n\n\n\n<div class=\"wp-block-uagb-container uagb-block-7590d3f2 alignfull uagb-is-root-container\"><div class=\"uagb-container-inner-blocks-wrap\">\n<p>De plus, Sanela accorde une grande attention aux nouvelles tendances, tout \u00e0 fait uniques dans le domaine de la technologie sanitaire. Il s&#8217;agit, par exemple, d&#8217;une chasse d&#8217;eau d&#8217;urinoir \u00e0 radar, exceptionnelle par sa fonction et son &#8220;design anti-vandalisme&#8221;. Ainsi, le principe du capteur &#8220;intelligent&#8221; Automatic Logic System (ALS) est utilis\u00e9 dans tous les produits dot\u00e9s d&#8217;un capteur infrarouge. Les deux m\u00e9thodes sont prot\u00e9g\u00e9es par un certificat d&#8217;enregistrement de mod\u00e8le d&#8217;utilit\u00e9.                                                                    Certains syst\u00e8mes \u00e9lectroniques sont propos\u00e9s avec un syst\u00e8me de r\u00e9glagle simplifi\u00e9 \u00e0 distance (bluetooth) via une application. <\/p>\n\n\n\n<div class=\"wp-block-uagb-container uagb-block-0c2882ad\">\n<div class=\"wp-block-uagb-image uagb-block-79f894c0 wp-block-uagb-image--layout-default wp-block-uagb-image--effect-static wp-block-uagb-image--align-none\"><figure class=\"wp-block-uagb-image__figure\"><img decoding=\"async\" srcset=\"https:\/\/agence-france.fr\/wp-content\/uploads\/2023\/06\/bluetooth-slide-2023-final-1140x450-en-1024x404.jpeg \" sizes=\"(max-width: 480px) 150px\" src=\"https:\/\/agence-france.fr\/wp-content\/uploads\/2023\/06\/bluetooth-slide-2023-final-1140x450-en-1024x404.jpeg\" alt=\"\" class=\"uag-image-764\" width=\"1024\" height=\"404\" title=\"\" loading=\"lazy\"\/><\/figure><\/div>\n<\/div>\n<\/div><\/div>\n\n\n\n<div class=\"wp-block-uagb-container uagb-block-e631b00d alignfull uagb-is-root-container\"><div class=\"uagb-container-inner-blocks-wrap\">\n<div class=\"wp-block-uagb-container uagb-block-5eb1c2ac\">\n<div class=\"wp-block-uagb-image uagb-block-c1efaa6b wp-block-uagb-image--layout-default wp-block-uagb-image--effect-static wp-block-uagb-image--align-none\"><figure class=\"wp-block-uagb-image__figure\"><a class=\"\" href=\"https:\/\/agence-france.fr\/index.php\/catalogues-sanela\/\" target=\"\" rel=\"noopener\"><img decoding=\"async\" srcset=\"https:\/\/agence-france.fr\/wp-content\/uploads\/2023\/06\/Site-2-724x1024.png \" sizes=\"(max-width: 480px) 150px\" src=\"https:\/\/agence-france.fr\/wp-content\/uploads\/2023\/06\/Site-2-724x1024.png\" alt=\"\" class=\"uag-image-773\" width=\"724\" height=\"1024\" title=\"\" loading=\"lazy\"\/><\/a><\/figure><\/div>\n<\/div>\n\n\n\n<div class=\"wp-block-uagb-container uagb-block-6a2c3d8d\">\n<div class=\"wp-block-uagb-image uagb-block-134272d2 wp-block-uagb-image--layout-default wp-block-uagb-image--effect-static wp-block-uagb-image--align-none\"><figure class=\"wp-block-uagb-image__figure\"><a class=\"\" href=\"https:\/\/agence-france.fr\/index.php\/galerie\/galerie-sanela-2\/\" target=\"\" rel=\"noopener\"><img decoding=\"async\" srcset=\"https:\/\/agence-france.fr\/wp-content\/uploads\/2023\/06\/huge-724x1024.png \" sizes=\"(max-width: 480px) 150px\" src=\"https:\/\/agence-france.fr\/wp-content\/uploads\/2023\/06\/huge-724x1024.png\" alt=\"\" class=\"uag-image-770\" width=\"724\" height=\"1024\" title=\"\" loading=\"lazy\"\/><\/a><\/figure><\/div>\n<\/div>\n\n\n\n<div class=\"wp-block-uagb-container uagb-block-9cb9ef92\">\n<figure class=\"wp-block-image size-large\"><a href=\"www.sanela.eu\"><img decoding=\"async\" loading=\"lazy\" width=\"724\" height=\"1024\" src=\"https:\/\/agence-france.fr\/wp-content\/uploads\/2023\/08\/clicsite-sanela-724x1024.png\" alt=\"\" class=\"wp-image-2886\" srcset=\"https:\/\/agence-france.fr\/wp-content\/uploads\/2023\/08\/clicsite-sanela-724x1024.png 724w, https:\/\/agence-france.fr\/wp-content\/uploads\/2023\/08\/clicsite-sanela-212x300.png 212w, https:\/\/agence-france.fr\/wp-content\/uploads\/2023\/08\/clicsite-sanela-768x1086.png 768w, https:\/\/agence-france.fr\/wp-content\/uploads\/2023\/08\/clicsite-sanela.png 1061w\" sizes=\"(max-width: 724px) 100vw, 724px\" \/><\/a><\/figure>\n<\/div>\n\n\n\n<div class=\"wp-block-uagb-container uagb-block-bcaa372f\">\n<div class=\"wp-block-uagb-image uagb-block-190cf6d7 wp-block-uagb-image--layout-default wp-block-uagb-image--effect-static wp-block-uagb-image--align-none\"><figure class=\"wp-block-uagb-image__figure\"><a class=\"\" href=\"https:\/\/agence-france.fr\/index.php\/nos-marques\/\" target=\"\" rel=\"noopener\"><img decoding=\"async\" srcset=\"https:\/\/agence-france.fr\/wp-content\/uploads\/2023\/06\/Site-724x1024.png \" sizes=\"(max-width: 480px) 150px\" src=\"https:\/\/agence-france.fr\/wp-content\/uploads\/2023\/06\/Site-724x1024.png\" alt=\"\" class=\"uag-image-772\" width=\"724\" height=\"1024\" title=\"\" loading=\"lazy\"\/><\/a><\/figure><\/div>\n<\/div>\n<\/div><\/div>\n","protected":false},"excerpt":{"rendered":"<p>SANELA spol. s r.o. Dukel. hrdin\u016f 989, 563 01 Lan\u0161kroun, Tch\u00e9quie http:\/\/www.sanela.cz\/ +420 465 350 770 Sanela est l&#8217;un des principaux producteurs de la gamme compl\u00e8te d&#8217;appareils \u00e9lectroniques sanitaires en R\u00e9publique tch\u00e8que. L&#8217;objectif principal de la soci\u00e9t\u00e9 Sanela est de satisfaire les clients les plus exigeants et de r\u00e9pondre \u00e0 leurs demandes d&#8217;installations sanitaires modernes [&hellip;]<\/p>\n","protected":false},"author":1,"featured_media":190,"parent":0,"menu_order":0,"comment_status":"closed","ping_status":"closed","template":"page-templates\/full-width-page.php","meta":{"om_disable_all_campaigns":false,"_uag_custom_page_level_css":"","_monsterinsights_skip_tracking":false,"_monsterinsights_sitenote_active":false,"_monsterinsights_sitenote_note":"","_monsterinsights_sitenote_category":0},"aioseo_notices":[],"uagb_featured_image_src":{"full":["https:\/\/agence-france.fr\/wp-content\/uploads\/2023\/05\/Sanela-logo.jpg",800,500,false],"thumbnail":["https:\/\/agence-france.fr\/wp-content\/uploads\/2023\/05\/Sanela-logo-150x150.jpg",150,150,true],"medium":["https:\/\/agence-france.fr\/wp-content\/uploads\/2023\/05\/Sanela-logo-300x188.jpg",300,188,true],"medium_large":["https:\/\/agence-france.fr\/wp-content\/uploads\/2023\/05\/Sanela-logo-768x480.jpg",768,480,true],"large":["https:\/\/agence-france.fr\/wp-content\/uploads\/2023\/05\/Sanela-logo.jpg",800,500,false],"1536x1536":["https:\/\/agence-france.fr\/wp-content\/uploads\/2023\/05\/Sanela-logo.jpg",800,500,false],"2048x2048":["https:\/\/agence-france.fr\/wp-content\/uploads\/2023\/05\/Sanela-logo.jpg",800,500,false]},"uagb_author_info":{"display_name":"pbc","author_link":"https:\/\/agence-france.fr\/index.php\/author\/p-boissonnade\/"},"uagb_comment_info":0,"uagb_excerpt":"SANELA spol. s r.o. Dukel. hrdin\u016f 989, 563 01 Lan\u0161kroun, Tch\u00e9quie http:\/\/www.sanela.cz\/ +420 465 350 770 Sanela est l&#8217;un des principaux producteurs de la gamme compl\u00e8te d&#8217;appareils \u00e9lectroniques sanitaires en R\u00e9publique tch\u00e8que. L&#8217;objectif principal de la soci\u00e9t\u00e9 Sanela est de satisfaire les clients les plus exigeants et de r\u00e9pondre \u00e0 leurs demandes d&#8217;installations sanitaires modernes\u2026","_links":{"self":[{"href":"https:\/\/agence-france.fr\/index.php\/wp-json\/wp\/v2\/pages\/384"}],"collection":[{"href":"https:\/\/agence-france.fr\/index.php\/wp-json\/wp\/v2\/pages"}],"about":[{"href":"https:\/\/agence-france.fr\/index.php\/wp-json\/wp\/v2\/types\/page"}],"author":[{"embeddable":true,"href":"https:\/\/agence-france.fr\/index.php\/wp-json\/wp\/v2\/users\/1"}],"replies":[{"embeddable":true,"href":"https:\/\/agence-france.fr\/index.php\/wp-json\/wp\/v2\/comments?post=384"}],"version-history":[{"count":10,"href":"https:\/\/agence-france.fr\/index.php\/wp-json\/wp\/v2\/pages\/384\/revisions"}],"predecessor-version":[{"id":2887,"href":"https:\/\/agence-france.fr\/index.php\/wp-json\/wp\/v2\/pages\/384\/revisions\/2887"}],"wp:featuredmedia":[{"embeddable":true,"href":"https:\/\/agence-france.fr\/index.php\/wp-json\/wp\/v2\/media\/190"}],"wp:attachment":[{"href":"https:\/\/agence-france.fr\/index.php\/wp-json\/wp\/v2\/media?parent=384"}],"curies":[{"name":"wp","href":"https:\/\/api.w.org\/{rel}","templated":true}]}}